Suppose -850*j - 4636 = -911*j. Calculate the remainder when 257 is divided by j.
29
Let v = 22 + -17. Let g be v/3 - 52/(-39). Suppose 0 = g*p - 64 - 26. Calculate the remainder when 115 is divided by p.
25
Suppose 3*j + 14*l = 15*l + 131, -2*j + 114 = 6*l. What is the remainder when (38*-1)/(10/(-35)) is divided by j?
43
Let q = -21 - -55. Suppose -7*m + 241 = -175 - 4. Calculate the remainder when m is divided by q.
26
What is the remainder when 17157 is divided by (-1 + (-6)/(-9))*(42 + -75)?
8
Let z be (-7)/2*1546/(-7). Let p = -488 + z. Calculate the remainder when p is divided by 41.
39
Let z be 50/(-20)*((-613)/(-5) + 3). Let v = z + 454. Calculate the remainder when v is divided by 18.
14
Let s(v) = -2*v + 78. Suppose 78 = -317*d + 320*d. Let h(y) = 101*y + 1. Calculate the remainder when h(1) is divided by s(d).
24
Suppose 3*g + 2*y = 9, -y + 17 = g + 3*g. Suppose 165 = 2*m + 3*b - 18, 3*b = g*m - 447. Let z = -59 + m. What is the remainder when z is divided by 18?
13
Let k(q) = q**2 - 3*q - 24. Let z be k(12). Let y be ((-75)/12 - -7)/((-6)/(-136)). Suppose -z*l - y = -85*l. Calculate the remainder when 30 is divided by l.
13
What is the remainder when (0/1 - 26136/(-648))/((-2)/(-72)) is divided by 52?
48
Suppose 2*l - 8 = -2*r, -9*l + 12*l + r - 8 = 0. Suppose -3*z + 51 = -l*z. What is the remainder when z is divided by 0 + -19*(2 - 3)?
13
What is the remainder when 1 + 1 - 2591218/(-386) is divided by 46?
45
Let k = -213 - -147. Let z = k + 66. Suppose 3*r - 4*r + 4*u + 38 = 0, z = -5*r - 2*u + 124. Calculate the remainder when 232 is divided by r.
24
Let f = -37006 + 37116. What is the remainder when 1983 is divided by f?
3
Let b(a) = 2*a**2 + 24*a + 72. Let h be b(-7). Suppose -2*k - h*f = -104, 2*k - f - 233 = -2*k. Calculate the remainder when 107 is divided by k.
50
What is the remainder when 34 is divided by (7 - (9 + 2))*(20/(-8) + 0)?
4
Let g(m) be the second derivative of m**4/6 - 2*m**3/3 + m**2/2 - 5*m. Suppose -111*n + 205*n + 793 = 107*n. Calculate the remainder when n is divided by g(3).
5
Let i = 12683 - 12096. Calculate the remainder when i is divided by 13.
2
Let a = -114 + 116. Suppose -5*t = -v - 18, t + 5 = -2*v + a. What is the remainder when (-1)/(3 - 39/12) is divided by t?
1
Let k = 27 - -10. Suppose 4*b - 9*b + 16 = -2*p, 4*b - 12 = 2*p. Suppose 4*v - 5*l = 20, 2 = -p*v + l + 18. Calculate the remainder when k is divided by v.
7
Let w(m) = -2*m**3 - 102*m**2 - 6*m - 129. What is the remainder when w(-51) is divided by 53?
18
Suppose 21 = p - 94. Let u = -42969 - -43030. What is the remainder when p is divided by u?
54
Suppose 3*t + i = 808, -6*t + 256 = -5*t - 3*i. What is the remainder when t is divided by 114?
40
Let f = 249 - 229. Let x = 22 + f. Calculate the remainder when 101 is divided by x.
17
Let u(x) = -10*x - 15. Let h be u(-9). Let a = h - 69. Suppose -a*z + 57 = -21. What is the remainder when 38 is divided by z?
12
Suppose -267*c = 274*c - 546*c + 655. Calculate the remainder when 636 is divided by c.
112
Let j(n) = 9*n - 195. Suppose -2*v = l - 19, -29 + 119 = 4*l + v. Calculate the remainder when 39 is divided by j(l).
3
Let v = 222 - 220. Suppose n + n - 4*z = 28, -27 = -v*n + 3*z. What is the remainder when 29 is divided by n?
5
Let l = 92 - 88. Suppose 0 = -2*b - 4*w + 16, 9 = l*w + 25. Calculate the remainder when 93 is divided by b.
13
Let n(x) = -3*x**2 + 454*x + 64. Calculate the remainder when n(151) is divided by (-4)/14 + 172/14.
11
Let t = 23 + -5. Suppose 317*n = -2*n - 100*n + 58660. Calculate the remainder when n is divided by t.
14
Let t = 14181 - 11923. Calculate the remainder when t is divided by 7.
4
Suppose -4*l + 20 = -4*m, l + 4*l = -5*m - 25. Suppose l = -294*d + 291*d + 18. What is the remainder when 66 is divided by d?
0
What is the remainder when ((-4 - -7) + -2)/(35/2905) is divided by 15?
8
Let a(c) = -c + 21. Let u be a(14). Suppose u*i + 0*i = 672. Suppose 5*r - 147 = -m - 17, -3*r + 3*m + 60 = 0. What is the remainder when i is divided by r?
21
Let h = 4712 - 4453. Calculate the remainder when h is divided by 240.
19
What is the remainder when 297 is divided by (-6)/(-9) - ((-530)/15 - 2)?
31
Let s = 1585 + -1569. Calculate the remainder when 223 is divided by s.
15
Let k(g) = 2*g**2 + 0*g**2 - 11*g + 93 + g**2 - 6. Let q(u) = 4*u + 3. What is the remainder when k(5) is divided by q(6)?
26
Let w = 47224 - 47131. Calculate the remainder when w is divided by 2.
1
Suppose -12 = -j - 2*o, 2*o = 2*j - 2*o + 16. Suppose -5*r + 4*p + 749 = j*p, -2*p = -4*r + 600. Calculate the remainder when r is divided by 25.
24
Let o(h) = 10*h**2 + 27*h + 6. Let k = 448 + -451. Calculate the remainder when 175 is divided by o(k).
10
Suppose -200 = 2385*m - 2435*m. Calculate the remainder when 43 is divided by m.
3
Let f be -5 - (7/((-14)/(-4)))/(-2). What is the remainder when (f + (-7)/(-2))*-174 is divided by 8?
7
Let r(j) = j**3 - j**2 + 10*j + 61. What is the remainder when 429 is divided by r(7)?
4
Suppose -1995 = -2*i - 3*f, 21*i - 5664 = 3*f + 15456. What is the remainder when i is divided by 71?
11
What is the remainder when 906 is divided by (-5)/2*(24 + -16)/(30/(-27))?
6
Let o(l) = -l**2 - 68*l - 90. Calculate the remainder when o(-65) is divided by 17.
3
Suppose j - 15 = g, -9*g = 3*j - 14*g - 59. Let h(m) = -3*m - 1. Calculate the remainder when h(-7) is divided by j.
4
Let z(v) = 3*v**2 - 5*v - 5. Let u = 533 - 523. Suppose u*p + 18*p = 4984. What is the remainder when p is divided by z(5)?
43
Suppose -5*l - 5*t = -795, -3*t = 5*l - 10*l + 779. What is the remainder when 574 is divided by l?
103
Suppose -21*s - 25*s + 7314 = 0. Calculate the remainder when 10651 is divided by s.
157
Let y(x) = -2*x + 11. Let z = -51 - -67. Suppose 0 = z*j - 20*j. Calculate the remainder when 97 is divided by y(j).
9
Let p = 22601 + -22476. What is the remainder when 6498 is divided by p?
123
Suppose -174 = -2*u - u + g, 0 = -u + g + 58. Suppose -4*t + 84 = 2*o, 265*t = 267*t - o - 26. What is the remainder when u is divided by t?
7
Let b(y) = 4*y**2 + 4*y + 3. Suppose 0 = 36*l - 35*l - 75. Let k = 78 - l. What is the remainder when b(-2) is divided by k?
2
Let t be ((-6)/3)/(-1*4/(-104)). Let q = t + 57. Suppose 195 = q*a + 3*z, -167 = -5*a + 2*z + 3. What is the remainder when 178 is divided by a?
34
Let s = 5943 + -5893. Let b(z) = -14*z - 1. Let t be 12/(-7) + (-8)/28. What is the remainder when s is divided by b(t)?
23
Let t = 21 + 36. Suppose -m + t = 2*m. Suppose 0 = -5*c - 4*g, -12*g = 2*c - 8*g + 12. Calculate the remainder when m is divided by c.
3
Let z = 179 - -131. Calculate the remainder when 1251 is divided by z.
11
Let v = 8748 - 7157. Calculate the remainder when v is divided by 1581.
10
Suppose -5*a + 82 = -128. Let x be ((-5)/(-6))/((11 - 10)/6). Let j(z) = -z**2 + 9*z + 3. What is the remainder when a is divided by j(x)?
19
Calculate the remainder when (130/(-195))/(2/(-1308)) is divided by 33.
7
Suppose -5*s + 3*s = 3*s - 2695. What is the remainder when s is divided by 68?
63
Suppose 6239 = -6*h + 6959. What is the remainder when h is divided by 63?
57
Let n(l) = -51*l**2 + 1675*l + 133. Calculate the remainder when n(31) is divided by 161.
149
Let f be 57/9 - 3/18*2. Let w(o) = -3*o + 18*o - f - 13*o. What is the remainder when w(13) is divided by 8?
4
Let v(r) = -10*r - 415. Let c(l) = -l**3 + 2*l**2 - l + 3. What is the remainder when v(-43) is divided by c(0)?
0
Let w(g) = 16*g**2 + 64*g + 11. Suppose 10*u + 17*u + 108 = 0. Let q(l) = l**3 + 8*l**2 + l + 10. What is the remainder when q(-7) is divided by w(u)?
8
Let c = -234 - -269. Suppose 0 = 5*x + 4*g - 35, -c = -18*x + 13*x + 4*g. Calculate the remainder when 16/(-10)*(-1 + -9) is divided by x.
2
Let r(s) = 11*s + 417. What is the remainder when r(-17) is divided by 53?
18
Let h(q) = -q**3 + 23*q**2 - 52*q + 148. Let x be h(21). Let r = x - -91. Calculate the remainder when r is divided by 18.
11
Suppose 2*p + 4*g + 746 = 0, 0 = -4*p - 13*g + 9*g - 1500. Let f = -198 - p. Calculate the remainder when f is divided by 84.
11
What is the remainder when 3608/11*(-15 - -19) is divided by 120?
112
Let z = 203 - 199. Calculate the remainder when 34638/299 - z/(-26) is divided by 8.
4
Let r(f) = -f**2 - 24*f